{"id":1526,"date":"2023-01-26T15:34:56","date_gmt":"2023-01-26T14:34:56","guid":{"rendered":"https:\/\/www.decouvesverte.fr\/?post_type=tribe_events&#038;p=1526"},"modified":"2023-02-08T11:12:45","modified_gmt":"2023-02-08T10:12:45","slug":"lassemblee-generale-du-7-avril-2023","status":"publish","type":"tribe_events","link":"https:\/\/www.decouvesverte.fr\/index.php\/event\/lassemblee-generale-du-7-avril-2023\/","title":{"rendered":"L&rsquo;assembl\u00e9e G\u00e9n\u00e9rale du 7 Avril 2023"},"content":{"rendered":"<p>Rendez-vous le 7 avril \u00e0 la Salle des F\u00eates de Fontenai-les-louvets pour l&rsquo;Assembl\u00e9e G\u00e9n\u00e9rale !<\/p>\n<p>Et vue qu&rsquo;on aime pas les AG o\u00f9 on s&rsquo;ennuie, nous \u00e7a sera trop sympa et interactif.<\/p>\n<p>Alors si vous voulez vous investir dans une asso trop chouette avec des gens trop chouette et des valeurs trop chouette rdv le 7 avril.<\/p>\n<p>Et puis si vous voulez juste venir prendre des infos ou nous rencontrer vous \u00eates les bienvenus aussi !<\/p>\n<p><img fetchpriority=\"high\" decoding=\"async\" class=\"alignnone size-medium wp-image-1535\" src=\"https:\/\/www.decouvesverte.fr\/wp-content\/uploads\/2023\/01\/Assemblee-generale-2-211x300.jpg\" alt=\"\" width=\"211\" height=\"300\" srcset=\"https:\/\/www.decouvesverte.fr\/wp-content\/uploads\/2023\/01\/Assemblee-generale-2-211x300.jpg 211w, https:\/\/www.decouvesverte.fr\/wp-content\/uploads\/2023\/01\/Assemblee-generale-2-721x1024.jpg 721w, https:\/\/www.decouvesverte.fr\/wp-content\/uploads\/2023\/01\/Assemblee-generale-2-768x1090.jpg 768w, https:\/\/www.decouvesverte.fr\/wp-content\/uploads\/2023\/01\/Assemblee-generale-2-1082x1536.jpg 1082w, https:\/\/www.decouvesverte.fr\/wp-content\/uploads\/2023\/01\/Assemblee-generale-2-1320x1874.jpg 1320w, https:\/\/www.decouvesverte.fr\/wp-content\/uploads\/2023\/01\/Assemblee-generale-2.jpg 1409w\" sizes=\"(max-width: 211px) 100vw, 211px\" \/><\/p>\n","protected":false},"excerpt":{"rendered":"<p>Rendez-vous le 7 avril \u00e0 la Salle des F\u00eates de Fontenai-les-louvets pour l&rsquo;Assembl\u00e9e G\u00e9n\u00e9rale ! Et vue qu&rsquo;on aime pas les AG o\u00f9 on s&rsquo;ennuie, &hellip;<\/p>\n","protected":false},"author":1,"featured_media":1535,"template":"","meta":{"_tribe_events_status":"","_tribe_events_status_reason":"","footnotes":""},"tags":[],"tribe_events_cat":[],"class_list":["post-1526","tribe_events","type-tribe_events","status-publish","has-post-thumbnail","hentry"],"yoast_head":"<!-- This site is optimized with the Yoast SEO plugin v27.5 - https:\/\/yoast.com\/product\/yoast-seo-wordpress\/ -->\n<title>L&#039;assembl\u00e9e G\u00e9n\u00e9rale du 7 Avril 2023 -<\/title>\n<meta name=\"description\" content=\"RDV le 7 avril \u00e0 19h pour l&#039;assembl\u00e9e G\u00e9n\u00e9rale de l&#039;association.\" \/>\n<meta name=\"robots\" content=\"index, follow, max-snippet:-1, max-image-preview:large, max-video-preview:-1\" \/>\n<link rel=\"canonical\" href=\"https:\/\/www.decouvesverte.fr\/index.php\/event\/lassemblee-generale-du-7-avril-2023\/\" \/>\n<meta property=\"og:locale\" content=\"fr_FR\" \/>\n<meta property=\"og:type\" content=\"article\" \/>\n<meta property=\"og:title\" content=\"L&#039;assembl\u00e9e G\u00e9n\u00e9rale du 7 Avril 2023 -\" \/>\n<meta property=\"og:description\" content=\"RDV le 7 avril \u00e0 19h pour l&#039;assembl\u00e9e G\u00e9n\u00e9rale de l&#039;association.\" \/>\n<meta property=\"og:url\" content=\"https:\/\/www.decouvesverte.fr\/index.php\/event\/lassemblee-generale-du-7-avril-2023\/\" \/>\n<meta property=\"article:modified_time\" content=\"2023-02-08T10:12:45+00:00\" \/>\n<meta property=\"og:image\" content=\"https:\/\/www.decouvesverte.fr\/wp-content\/uploads\/2023\/01\/Assemblee-generale-2.jpg\" \/>\n\t<meta property=\"og:image:width\" content=\"1409\" \/>\n\t<meta property=\"og:image:height\" content=\"2000\" \/>\n\t<meta property=\"og:image:type\" content=\"image\/jpeg\" \/>\n<meta name=\"twitter:card\" content=\"summary_large_image\" \/>\n<meta name=\"twitter:label1\" content=\"Dur\u00e9e de lecture estim\u00e9e\" \/>\n\t<meta name=\"twitter:data1\" content=\"1 minute\" \/>\n<script type=\"application\/ld+json\" class=\"yoast-schema-graph\">{\"@context\":\"https:\\\/\\\/schema.org\",\"@graph\":[{\"@type\":\"WebPage\",\"@id\":\"https:\\\/\\\/www.decouvesverte.fr\\\/index.php\\\/event\\\/lassemblee-generale-du-7-avril-2023\\\/\",\"url\":\"https:\\\/\\\/www.decouvesverte.fr\\\/index.php\\\/event\\\/lassemblee-generale-du-7-avril-2023\\\/\",\"name\":\"L'assembl\u00e9e G\u00e9n\u00e9rale du 7 Avril 2023 -\",\"isPartOf\":{\"@id\":\"https:\\\/\\\/www.decouvesverte.fr\\\/#website\"},\"primaryImageOfPage\":{\"@id\":\"https:\\\/\\\/www.decouvesverte.fr\\\/index.php\\\/event\\\/lassemblee-generale-du-7-avril-2023\\\/#primaryimage\"},\"image\":{\"@id\":\"https:\\\/\\\/www.decouvesverte.fr\\\/index.php\\\/event\\\/lassemblee-generale-du-7-avril-2023\\\/#primaryimage\"},\"thumbnailUrl\":\"https:\\\/\\\/www.decouvesverte.fr\\\/wp-content\\\/uploads\\\/2023\\\/01\\\/Assemblee-generale-2.jpg\",\"datePublished\":\"2023-01-26T14:34:56+00:00\",\"dateModified\":\"2023-02-08T10:12:45+00:00\",\"description\":\"RDV le 7 avril \u00e0 19h pour l'assembl\u00e9e G\u00e9n\u00e9rale de l'association.\",\"breadcrumb\":{\"@id\":\"https:\\\/\\\/www.decouvesverte.fr\\\/index.php\\\/event\\\/lassemblee-generale-du-7-avril-2023\\\/#breadcrumb\"},\"inLanguage\":\"fr-FR\",\"potentialAction\":[{\"@type\":\"ReadAction\",\"target\":[\"https:\\\/\\\/www.decouvesverte.fr\\\/index.php\\\/event\\\/lassemblee-generale-du-7-avril-2023\\\/\"]}]},{\"@type\":\"ImageObject\",\"inLanguage\":\"fr-FR\",\"@id\":\"https:\\\/\\\/www.decouvesverte.fr\\\/index.php\\\/event\\\/lassemblee-generale-du-7-avril-2023\\\/#primaryimage\",\"url\":\"https:\\\/\\\/www.decouvesverte.fr\\\/wp-content\\\/uploads\\\/2023\\\/01\\\/Assemblee-generale-2.jpg\",\"contentUrl\":\"https:\\\/\\\/www.decouvesverte.fr\\\/wp-content\\\/uploads\\\/2023\\\/01\\\/Assemblee-generale-2.jpg\",\"width\":1409,\"height\":2000},{\"@type\":\"BreadcrumbList\",\"@id\":\"https:\\\/\\\/www.decouvesverte.fr\\\/index.php\\\/event\\\/lassemblee-generale-du-7-avril-2023\\\/#breadcrumb\",\"itemListElement\":[{\"@type\":\"ListItem\",\"position\":1,\"name\":\"Accueil\",\"item\":\"https:\\\/\\\/www.decouvesverte.fr\\\/\"},{\"@type\":\"ListItem\",\"position\":2,\"name\":\"\u00c9v\u00e8nements\",\"item\":\"https:\\\/\\\/www.decouvesverte.fr\\\/index.php\\\/events\\\/\"},{\"@type\":\"ListItem\",\"position\":3,\"name\":\"L&rsquo;assembl\u00e9e G\u00e9n\u00e9rale du 7 Avril 2023\"}]},{\"@type\":\"WebSite\",\"@id\":\"https:\\\/\\\/www.decouvesverte.fr\\\/#website\",\"url\":\"https:\\\/\\\/www.decouvesverte.fr\\\/\",\"name\":\"\",\"description\":\"On m\u00e9lange rencontres, \u00e9changes et partage !\",\"potentialAction\":[{\"@type\":\"SearchAction\",\"target\":{\"@type\":\"EntryPoint\",\"urlTemplate\":\"https:\\\/\\\/www.decouvesverte.fr\\\/?s={search_term_string}\"},\"query-input\":{\"@type\":\"PropertyValueSpecification\",\"valueRequired\":true,\"valueName\":\"search_term_string\"}}],\"inLanguage\":\"fr-FR\"}]}<\/script>\n<!-- \/ Yoast SEO plugin. -->","yoast_head_json":{"title":"L'assembl\u00e9e G\u00e9n\u00e9rale du 7 Avril 2023 -","description":"RDV le 7 avril \u00e0 19h pour l'assembl\u00e9e G\u00e9n\u00e9rale de l'association.","robots":{"index":"index","follow":"follow","max-snippet":"max-snippet:-1","max-image-preview":"max-image-preview:large","max-video-preview":"max-video-preview:-1"},"canonical":"https:\/\/www.decouvesverte.fr\/index.php\/event\/lassemblee-generale-du-7-avril-2023\/","og_locale":"fr_FR","og_type":"article","og_title":"L'assembl\u00e9e G\u00e9n\u00e9rale du 7 Avril 2023 -","og_description":"RDV le 7 avril \u00e0 19h pour l'assembl\u00e9e G\u00e9n\u00e9rale de l'association.","og_url":"https:\/\/www.decouvesverte.fr\/index.php\/event\/lassemblee-generale-du-7-avril-2023\/","article_modified_time":"2023-02-08T10:12:45+00:00","og_image":[{"width":1409,"height":2000,"url":"https:\/\/www.decouvesverte.fr\/wp-content\/uploads\/2023\/01\/Assemblee-generale-2.jpg","type":"image\/jpeg"}],"twitter_card":"summary_large_image","twitter_misc":{"Dur\u00e9e de lecture estim\u00e9e":"1 minute"},"schema":{"@context":"https:\/\/schema.org","@graph":[{"@type":"WebPage","@id":"https:\/\/www.decouvesverte.fr\/index.php\/event\/lassemblee-generale-du-7-avril-2023\/","url":"https:\/\/www.decouvesverte.fr\/index.php\/event\/lassemblee-generale-du-7-avril-2023\/","name":"L'assembl\u00e9e G\u00e9n\u00e9rale du 7 Avril 2023 -","isPartOf":{"@id":"https:\/\/www.decouvesverte.fr\/#website"},"primaryImageOfPage":{"@id":"https:\/\/www.decouvesverte.fr\/index.php\/event\/lassemblee-generale-du-7-avril-2023\/#primaryimage"},"image":{"@id":"https:\/\/www.decouvesverte.fr\/index.php\/event\/lassemblee-generale-du-7-avril-2023\/#primaryimage"},"thumbnailUrl":"https:\/\/www.decouvesverte.fr\/wp-content\/uploads\/2023\/01\/Assemblee-generale-2.jpg","datePublished":"2023-01-26T14:34:56+00:00","dateModified":"2023-02-08T10:12:45+00:00","description":"RDV le 7 avril \u00e0 19h pour l'assembl\u00e9e G\u00e9n\u00e9rale de l'association.","breadcrumb":{"@id":"https:\/\/www.decouvesverte.fr\/index.php\/event\/lassemblee-generale-du-7-avril-2023\/#breadcrumb"},"inLanguage":"fr-FR","potentialAction":[{"@type":"ReadAction","target":["https:\/\/www.decouvesverte.fr\/index.php\/event\/lassemblee-generale-du-7-avril-2023\/"]}]},{"@type":"ImageObject","inLanguage":"fr-FR","@id":"https:\/\/www.decouvesverte.fr\/index.php\/event\/lassemblee-generale-du-7-avril-2023\/#primaryimage","url":"https:\/\/www.decouvesverte.fr\/wp-content\/uploads\/2023\/01\/Assemblee-generale-2.jpg","contentUrl":"https:\/\/www.decouvesverte.fr\/wp-content\/uploads\/2023\/01\/Assemblee-generale-2.jpg","width":1409,"height":2000},{"@type":"BreadcrumbList","@id":"https:\/\/www.decouvesverte.fr\/index.php\/event\/lassemblee-generale-du-7-avril-2023\/#breadcrumb","itemListElement":[{"@type":"ListItem","position":1,"name":"Accueil","item":"https:\/\/www.decouvesverte.fr\/"},{"@type":"ListItem","position":2,"name":"\u00c9v\u00e8nements","item":"https:\/\/www.decouvesverte.fr\/index.php\/events\/"},{"@type":"ListItem","position":3,"name":"L&rsquo;assembl\u00e9e G\u00e9n\u00e9rale du 7 Avril 2023"}]},{"@type":"WebSite","@id":"https:\/\/www.decouvesverte.fr\/#website","url":"https:\/\/www.decouvesverte.fr\/","name":"","description":"On m\u00e9lange rencontres, \u00e9changes et partage !","potentialAction":[{"@type":"SearchAction","target":{"@type":"EntryPoint","urlTemplate":"https:\/\/www.decouvesverte.fr\/?s={search_term_string}"},"query-input":{"@type":"PropertyValueSpecification","valueRequired":true,"valueName":"search_term_string"}}],"inLanguage":"fr-FR"}]}},"_links":{"self":[{"href":"https:\/\/www.decouvesverte.fr\/index.php\/wp-json\/wp\/v2\/tribe_events\/1526","targetHints":{"allow":["GET"]}}],"collection":[{"href":"https:\/\/www.decouvesverte.fr\/index.php\/wp-json\/wp\/v2\/tribe_events"}],"about":[{"href":"https:\/\/www.decouvesverte.fr\/index.php\/wp-json\/wp\/v2\/types\/tribe_events"}],"author":[{"embeddable":true,"href":"https:\/\/www.decouvesverte.fr\/index.php\/wp-json\/wp\/v2\/users\/1"}],"version-history":[{"count":3,"href":"https:\/\/www.decouvesverte.fr\/index.php\/wp-json\/wp\/v2\/tribe_events\/1526\/revisions"}],"predecessor-version":[{"id":1537,"href":"https:\/\/www.decouvesverte.fr\/index.php\/wp-json\/wp\/v2\/tribe_events\/1526\/revisions\/1537"}],"wp:featuredmedia":[{"embeddable":true,"href":"https:\/\/www.decouvesverte.fr\/index.php\/wp-json\/wp\/v2\/media\/1535"}],"wp:attachment":[{"href":"https:\/\/www.decouvesverte.fr\/index.php\/wp-json\/wp\/v2\/media?parent=1526"}],"wp:term":[{"taxonomy":"post_tag","embeddable":true,"href":"https:\/\/www.decouvesverte.fr\/index.php\/wp-json\/wp\/v2\/tags?post=1526"},{"taxonomy":"tribe_events_cat","embeddable":true,"href":"https:\/\/www.decouvesverte.fr\/index.php\/wp-json\/wp\/v2\/tribe_events_cat?post=1526"}],"curies":[{"name":"wp","href":"https:\/\/api.w.org\/{rel}","templated":true}]}}

L&rsquo;assemblée Générale du 7 Avril 2023

<p>Rendez-vous le 7 avril à la Salle des Fêtes de Fontenai-les-louvets pour l&rsquo;Assemblée Générale !</p>
<p>Et vue qu&rsquo;on aime pas les AG où on s&rsquo;ennuie, nous ça sera trop sympa et interactif.</p>
<p>Alors si vous voulez vous investir dans une asso trop chouette avec des gens trop chouette et des valeurs trop chouette rdv le 7 avril.</p>
<p>Et puis si vous voulez juste venir prendre des infos ou nous rencontrer vous êtes les bienvenus aussi !</p>
<p><img fetchpriority="high" decoding="async" class="alignnone size-medium wp-image-1535" src="https://www.decouvesverte.fr/wp-content/uploads/2023/01/Assemblee-generale-2-211x300.jpg" alt="" width="211" height="300" srcset="https://www.decouvesverte.fr/wp-content/uploads/2023/01/Assemblee-generale-2-211x300.jpg 211w, https://www.decouvesverte.fr/wp-content/uploads/2023/01/Assemblee-generale-2-721x1024.jpg 721w, https://www.decouvesverte.fr/wp-content/uploads/2023/01/Assemblee-generale-2-768x1090.jpg 768w, https://www.decouvesverte.fr/wp-content/uploads/2023/01/Assemblee-generale-2-1082x1536.jpg 1082w, https://www.decouvesverte.fr/wp-content/uploads/2023/01/Assemblee-generale-2-1320x1874.jpg 1320w, https://www.decouvesverte.fr/wp-content/uploads/2023/01/Assemblee-generale-2.jpg 1409w" sizes="(max-width: 211px) 100vw, 211px" /></p>

<p>Rendez-vous le 7 avril à la Salle des Fêtes de Fontenai-les-louvets pour l&rsquo;Assemblée Générale ! Et vue qu&rsquo;on aime pas les AG où on s&rsquo;ennuie, &hellip;</p>

<!-- This site is optimized with the Yoast SEO plugin v27.5 - https://yoast.com/product/yoast-seo-wordpress/ -->
<title>L&#039;assemblée Générale du 7 Avril 2023 -</title>
<meta name="description" content="RDV le 7 avril à 19h pour l&#039;assemblée Générale de l&#039;association." />
<meta name="robots" content="index, follow, max-snippet:-1, max-image-preview:large, max-video-preview:-1" />
<link rel="canonical" href="https://www.decouvesverte.fr/index.php/event/lassemblee-generale-du-7-avril-2023/" />
<meta property="og:locale" content="fr_FR" />
<meta property="og:type" content="article" />
<meta property="og:title" content="L&#039;assemblée Générale du 7 Avril 2023 -" />
<meta property="og:description" content="RDV le 7 avril à 19h pour l&#039;assemblée Générale de l&#039;association." />
<meta property="og:url" content="https://www.decouvesverte.fr/index.php/event/lassemblee-generale-du-7-avril-2023/" />
<meta property="article:modified_time" content="2023-02-08T10:12:45+00:00" />
<meta property="og:image" content="https://www.decouvesverte.fr/wp-content/uploads/2023/01/Assemblee-generale-2.jpg" />
	<meta property="og:image:width" content="1409" />
	<meta property="og:image:height" content="2000" />
	<meta property="og:image:type" content="image/jpeg" />
<meta name="twitter:card" content="summary_large_image" />
<meta name="twitter:label1" content="Durée de lecture estimée" />
	<meta name="twitter:data1" content="1 minute" />
<script type="application/ld+json" class="yoast-schema-graph">{"@context":"https:\/\/schema.org","@graph":[{"@type":"WebPage","@id":"https:\/\/www.decouvesverte.fr\/index.php\/event\/lassemblee-generale-du-7-avril-2023\/","url":"https:\/\/www.decouvesverte.fr\/index.php\/event\/lassemblee-generale-du-7-avril-2023\/","name":"L'assemblée Générale du 7 Avril 2023 -","isPartOf":{"@id":"https:\/\/www.decouvesverte.fr\/#website"},"primaryImageOfPage":{"@id":"https:\/\/www.decouvesverte.fr\/index.php\/event\/lassemblee-generale-du-7-avril-2023\/#primaryimage"},"image":{"@id":"https:\/\/www.decouvesverte.fr\/index.php\/event\/lassemblee-generale-du-7-avril-2023\/#primaryimage"},"thumbnailUrl":"https:\/\/www.decouvesverte.fr\/wp-content\/uploads\/2023\/01\/Assemblee-generale-2.jpg","datePublished":"2023-01-26T14:34:56+00:00","dateModified":"2023-02-08T10:12:45+00:00","description":"RDV le 7 avril à 19h pour l'assemblée Générale de l'association.","breadcrumb":{"@id":"https:\/\/www.decouvesverte.fr\/index.php\/event\/lassemblee-generale-du-7-avril-2023\/#breadcrumb"},"inLanguage":"fr-FR","potentialAction":[{"@type":"ReadAction","target":["https:\/\/www.decouvesverte.fr\/index.php\/event\/lassemblee-generale-du-7-avril-2023\/"]}]},{"@type":"ImageObject","inLanguage":"fr-FR","@id":"https:\/\/www.decouvesverte.fr\/index.php\/event\/lassemblee-generale-du-7-avril-2023\/#primaryimage","url":"https:\/\/www.decouvesverte.fr\/wp-content\/uploads\/2023\/01\/Assemblee-generale-2.jpg","contentUrl":"https:\/\/www.decouvesverte.fr\/wp-content\/uploads\/2023\/01\/Assemblee-generale-2.jpg","width":1409,"height":2000},{"@type":"BreadcrumbList","@id":"https:\/\/www.decouvesverte.fr\/index.php\/event\/lassemblee-generale-du-7-avril-2023\/#breadcrumb","itemListElement":[{"@type":"ListItem","position":1,"name":"Accueil","item":"https:\/\/www.decouvesverte.fr\/"},{"@type":"ListItem","position":2,"name":"Évènements","item":"https:\/\/www.decouvesverte.fr\/index.php\/events\/"},{"@type":"ListItem","position":3,"name":"L&rsquo;assemblée Générale du 7 Avril 2023"}]},{"@type":"WebSite","@id":"https:\/\/www.decouvesverte.fr\/#website","url":"https:\/\/www.decouvesverte.fr\/","name":"","description":"On mélange rencontres, échanges et partage !","potentialAction":[{"@type":"SearchAction","target":{"@type":"EntryPoint","urlTemplate":"https:\/\/www.decouvesverte.fr\/?s={search_term_string}"},"query-input":{"@type":"PropertyValueSpecification","valueRequired":true,"valueName":"search_term_string"}}],"inLanguage":"fr-FR"}]}</script>
<!-- / Yoast SEO plugin. -->

L'assemblée Générale du 7 Avril 2023 -

RDV le 7 avril à 19h pour l'assemblée Générale de l'association.

Évènements

On mélange rencontres, échanges et partage !
